96891
List the prime factors of 785706624.
2, 3, 682037
List the prime factors of 64752216.
2, 3, 2698009
What are the prime factors of 90703259?
821, 110479
List the prime factors of 127718233.
29, 31, 142067
What are the prime factors of 773459781?
3, 257819927
What are the prime factors of 1158104207?
13, 19, 337, 13913
What are the prime factors of 1408904?
2, 7, 139, 181
What are the prime factors of 20215475?
5, 7, 71, 1627
What are the prime factors of 72819635?
5, 7, 83, 3581
List the prime factors of 885419378.
2, 53, 1621, 5153
What are the prime factors of 4288278531?
3, 33851, 42227
What are the prime factors of 648948930?
2, 3, 5, 7, 3090233
List the prime factors of 5008425.
3, 5, 43, 1553
What are the prime factors of 493214245?
5, 641, 153889
What are the prime factors of 47166360?
2, 3, 5, 19, 137, 151
What are the prime factors of 55634385?
3, 5, 3708959
What are the prime factors of 776048561?
193, 4020977
List the prime factors of 37943383.
137, 419, 661
What are the prime factors of 1345297712?
2, 11, 7643737
List the prime factors of 33895670.
2, 5, 199, 17033
What are the prime factors of 78471340?
2, 5, 3923567
List the prime factors of 185275699.
7, 1259, 21023
What are the prime factors of 166194828?
2, 3, 43, 79, 151
List the prime factors of 362781382.
2, 139, 1304969
List the prime factors of 151069774.
2, 75534887
List the prime factors of 16266352.
2, 89, 11423
What are the prime factors of 843687412?
2, 47, 4487699
List the prime factors of 5713067565.
3, 5, 42319019
What are the prime factors of 2195818787?
17, 103, 1254037
List the prime factors of 93711467.
47, 1993861
What are the prime factors of 42074943?
3, 14024981
List the prime factors of 511302822.
2, 3, 85217137
What are the prime factors of 103754313?
3, 13, 41, 43, 503
List the prime factors of 138440508.
2, 3, 347, 33247
What are the prime factors of 50473526?
2, 25236763
List the prime factors of 109591829.
19, 521, 11071
What are the prime factors of 116283314?
2, 7, 8305951
What are the prime factors of 4250413879?
4250413879
What are the prime factors of 1314346005?
3, 5, 7, 37, 112771
What are the prime factors of 135957809?
13, 10458293
List the prime factors of 54219490.
2, 5, 13, 193, 2161
List the prime factors of 59169818.
2, 131, 225839
List the prime factors of 16295418.
2, 3, 17, 61, 97
What are the prime factors of 305409335?
5, 7, 11, 17, 46663
List the prime factors of 102864526.
2, 51432263
List the prime factors of 148887916.
2, 31, 47, 59, 433
List the prime factors of 2826032730.
2, 3, 5, 94201091
What are the prime factors of 4818988635?
3, 5, 23, 647, 21589
What are the prime factors of 36559241?
53, 689797
List the prime factors of 373960243.
23, 1847, 8803
What are the prime factors of 666906238?
2, 1663, 200513
What are the prime factors of 18906211?
18906211
List the prime factors of 20984101.
983, 21347
What are the prime factors of 209416555?
5, 89, 470599
List the prime factors of 60601081.
139, 449, 971
What are the prime factors of 6690936154?
2, 7, 223, 2143157
What are the prime factors of 991405087?
23, 89, 97, 4993
What are the prime factors of 208125233?
208125233
What are the prime factors of 55712191?
197, 389, 727
List the prime factors of 23132949.
3, 7, 22481
List the prime factors of 89381175.
3, 5, 13, 91673
List the prime factors of 384450553.
47, 809, 10111
List the prime factors of 68931643.
11, 569683
What are the prime factors of 311032664?
2, 38879083
What are the prime factors of 6393828843?
3, 17, 127, 329053
What are the prime factors of 6502689891?
3, 67, 10783897
What are the prime factors of 165191156?
2, 13, 71, 101, 443
List the prime factors of 73115141.
11, 6646831
What are the prime factors of 1385508542?
2, 11, 83, 758767
What are the prime factors of 492538427?
47, 137, 76493
What are the prime factors of 55614210?
2, 3, 5, 1853807
What are the prime factors of 4665569338?
2, 809, 2883541
List the prime factors of 5325180052.
2, 821, 853, 1901
What are the prime factors of 172630557?
3, 11, 673, 2591
What are the prime factors of 437877000?
2, 3, 5, 11, 4423
List the prime factors of 19998666.
2, 3, 109, 10193
What are the prime factors of 93798582?
2, 3, 15633097
What are the prime factors of 3893843342?
2, 151, 233, 55337
List the prime factors of 51942528.
2, 3, 11, 4099
List the prime factors of 1920516508.
2, 2393, 200639
List the prime factors of 343943459.
307, 1120337
What are the prime factors of 1898548?
2, 89, 5333
List the prime factors of 80940059.
23, 733, 4801
What are the prime factors of 22179619?
7, 11, 71, 4057
List the prime factors of 72129901.
31, 2326771
What are the prime factors of 1810321623?
3, 11, 6095359
List the prime factors of 46366635.
3, 5, 7, 441587
What are the prime factors of 1098736684?
2, 89, 1693, 1823
List the prime factors of 2242493262.
2, 3, 37, 374123
What are the prime factors of 1698705617?
7, 157, 647, 2389
List the prime factors of 76618040.
2, 5, 1915451
List the prime factors of 3353926774.
2, 11, 1597, 95461
What are the prime factors of 2641053780?
2, 3, 5, 29, 505949
What are the prime factors of 40967101?
7, 5852443
What are the prime factors of 345595439?
7, 61, 809357
What are the prime factors of 399576?
2, 3, 16649
List the prime factors of 1676528.
2, 7, 14969
What are the prime factors of 391165167?
3, 1187, 109847
List the prime factors of 645440446.
2, 7, 409, 16103
What are the prime factors of 2496427764?
2, 3, 17, 29, 14551
What are the prime factors of 3595921099?
16927, 212437
List the prime factors of 147049152.
2, 3, 765881
What are the prime factors of 1426131840?
2, 3, 5, 7, 29, 3659
What are the prime factors of 22256768?
2, 41, 4241
What are the prime factors of 1044119663?
53, 383, 51437
List the prime factors of 121945670.
2, 5, 7, 11, 158371
List the prime factors of 130015314.
2, 3, 11, 13, 113, 149
List the prime factors of 2104960663.
13, 1129, 143419
What are the prime factors of 72424010?
2, 5, 19, 23, 16573
List the prime factors of 20337725.
5, 761, 1069
List the prime factors of 72563974.
2, 7, 29, 367, 487
What are the prime factors of 3592210191?
3, 7487, 159931
List the prime factors of 7467879517.
7, 1066839931
What are the prime factors of 135889809?
3, 11, 4117873
What are the prime factors of 96978487?
107, 683, 1327
List the prime factors of 88137153.
3, 13, 83701
What are the prime factors of 3733361763?
3, 47, 26477743
List the prime factors of 3975928358.
2, 3847, 516757
What are the prime factors of 25539451?
7, 3648493
What are the prime factors of 786074167?
353, 2226839
List the prime factors of 187308310.
2, 5, 7, 2675833
What are the prime factors of 544683525?
3, 5, 1201, 6047
What are the prime factors of 929739491?
61, 103, 147977
List the prime factors of 250993431.
3, 13, 41, 107, 163
List the prime factors of 63327842.
2, 31663921
What are the prime factors of 3203975918?
2, 11, 13, 11202713
List the prime factors of 1170803775.
3, 5, 617, 25301
What are the prime factors of 142562954?
2, 71281477
List the prime factors of 85666674.
2, 3, 23, 620773
What are the prime factors of 245132238?
2, 3, 13, 3142721
List the prime factors of 81593219.
131, 622849
List the prime factors of 1291348181.
1291348181
List the prime factors of 158274365.
5, 31654873
What are the prime factors of 511202791?
11, 43, 1080767
List the prime factors of 383862159.
3, 17, 278767
What are the prime factors of 2008591815?
3, 5, 577, 232073
What are the prime factors of 153892546?
2, 37, 2079629
What are the prime factors of 1592978513?
7, 227568359
List the prime factors of 217646628.
2, 3, 18137219
List the prime factors of 4057629515.
5, 811525903
What are the prime factors of 219052292?
2, 19, 2882267
List the prime factors of 154908451.
154908451
What are the prime factors of 281387390?
2, 5, 28138739
List the prime factors of 2378922137.
2378922137
What are the prime factors of 8054255?
5, 11, 23, 6367
List the prime factors of 4418287250.
2, 5, 13, 17, 211, 379
List the prime factors of 126061127.
199, 633473
List the prime factors of 24407871.
3, 8135957
What are the prime factors of 40676156?
2, 283, 35933
What are the prime factors of 2923539372?
2, 3, 13, 67, 31079
What are the prime facto